-2) + l. Calculate the greatest common divisor of f and m.
8
Suppose -3 = 4*b - 5*b. Suppose 3*q - b*y - 279 = 0, 3*y + 10 = 1. Let u(s) = -s**2 + 7*s. Let i be u(5). Calculate the greatest common factor of q and i.
10
Suppose 23 = 4*l - 9. Suppose 9*s = l*s. Suppose -4 = -u - s. What is the highest common factor of u and 4?
4
Suppose -2*v + 5 = f, 35*f = 40*f + 3*v - 18. What is the greatest common divisor of 2 and f?
1
Let i(f) = 4*f - 116. Let j be i(31). Suppose 3*m - 2*c = 96, m - 32 = c - 5*c. Calculate the greatest common divisor of j and m.
8
Suppose -5*d + 7*d + 7*b - 23 = 0, b - 74 = -5*d. Let o(f) = 121*f. Let h be o(2). Suppose -h = -5*r + 58. Calculate the highest common divisor of r and d.
15
Suppose 328 = -2*i + 10*i. Calculate the highest common factor of i and 1353.
41
Let k be 22/33*(-12 + 3) - -81. Suppose d + 30 = 3*d. Calculate the highest common divisor of k and d.
15
Let j be 4/(-12) + (-19)/(-3). Suppose 4*r + 6*w = w + j, r = -2*w. Let x be (27/(-5) + r)*-10. Calculate the highest common factor of x and 7.
7
Let v(g) = -g**3 - 3*g - 3. Suppose -6 + 4 = i. Let l be v(i). Let a be 34/3 - 1/3. What is the greatest common factor of l and a?
11
Let q = -1902 + 1903. Let g be ((-2)/4)/((-1)/10). What is the highest common factor of q and g?
1
Let x(s) = s**3 + 8*s**2 - 12*s + 11. Let w be x(-9). Let c = 58 - w. Calculate the highest common divisor of c and 20.
20
Let b be -9 - -45 - (9 - 1). What is the highest common factor of 434 and b?
14
Let u = -1052 + 1500. What is the highest common factor of u and 14?
14
Let a(p) = p**2 - 10*p - 24. Let z be a(14). Suppose -5*c + 4*n = -0*n - z, 2*c = -5*n - 7. What is the highest common divisor of c and 8?
4
Suppose -4*m + 322 = 10*m. Calculate the greatest common divisor of m and 46.
23
Let r be 220*11/44 - 9. Calculate the highest common divisor of 23 and r.
23
Let z = -12 + 17. Suppose -z*u = 3*g - 43, -u = -2*g + g + 17. Calculate the highest common factor of 2 and g.
2
Let t be (-306)/(-39) - (-2)/13. Suppose -3*k = -5*b + 32, -5*b - 24 = -t*b - 3*k. What is the highest common divisor of b and 49?
7
Let i be (((-2835)/2)/3)/((-21)/42). Calculate the highest common divisor of 70 and i.
35
Let r(p) = -p**3 + 13*p**2 - 15*p - 54. Let j be r(9). Calculate the highest common factor of j and 495.
45
Suppose -43*m + 82035 = 22566. What is the greatest common divisor of m and 3?
3
Let v = 311 + -259. What is the greatest common divisor of v and 4?
4
Suppose -22*r + 132 = 44. Calculate the highest common divisor of r and 30.
2
Suppose -5*f - 45 = -0*q + 3*q, 5*f - 2*q = -45. Suppose -5*g = 33 - 88. Let t = f + g. What is the highest common factor of 2 and t?
2
Let q(l) = 5*l**2 + 2*l + 7. Let f be q(-5). Let u(k) = k**2 + 5*k - 14. Let d be u(-12). Let c = f - d. Calculate the highest common divisor of c and 13.
13
Let a be (18/(-5))/(3/(-10)). Let l(b) = 6*b**2 - 2*b + 4. Let z be l(-4). Calculate the greatest common divisor of z and a.
12
Suppose -4*w - 2*y - 1242 = -9*w, -746 = -3*w + y. Calculate the highest common factor of w and 20.
10
Suppose 5*o - 26 = -2*p + 78, 0 = -o. Let t be 27/(-18)*(-26)/3. What is the highest common divisor of t and p?
13
Suppose 18*p - 440 - 496 = 0. Calculate the greatest common factor of p and 91.
13
Suppose w - 3*w = -64. Let p(a) = 12*a**2 + 5*a + 10. Suppose -11*g + 6*g - 10 = 0. Let m be p(g). What is the highest common factor of w and m?
16
Suppose -4*t - 19 + 179 = 0. Let j be ((-48)/18)/((-2)/6). What is the greatest common factor of t and j?
8
Let s = 176 - 108. Calculate the highest common divisor of s and 306.
34
Let b = -459 - -514. What is the highest common factor of 22 and b?
11
Let v = 53 + 77. Calculate the greatest common factor of v and 78.
26
Let a = -1809 + 2601. Calculate the highest common factor of a and 495.
99
Suppose 4*i + 20 = -d, -2*d + 4*d + 2*i = -10. Suppose y = -5*j + 48, d*y + 2*j - 156 = -4*y. Calculate the greatest common factor of y and 57.
19
Let o(f) = 3*f**2 + 11*f + 3. Let u(r) = 3*r**2 + 12*r + 4. Let d(p) = 5*o(p) - 4*u(p). Let c be d(2). Calculate the greatest common factor of c and 25.
25
Let q be (1752/(-9))/(-4)*12/8. Let s = -54 + q. What is the greatest common divisor of s and 76?
19
Let m be (-14 - 304/(-24))*(-39)/1. Calculate the greatest common divisor of m and 169.
13
Let c be (-2)/11 - 304/22. Let a be (-186)/c + ((-25)/(-35) - 1). What is the greatest common factor of 52 and a?
13
Let f(l) = 113*l - 1212. Let w be f(12). What is the greatest common factor of w and 504?
72
Let m be (-4 - 64/(-12))*(24 + 3). Calculate the greatest common divisor of 6 and m.
6
Let y = 194 - 114. Let p be -5 + 10 + -5 + y. Calculate the highest common divisor of p and 10.
10
Let c be (-10)/(-30) + (-14)/6. Let x be (-100)/(-55) - c/11. Let j = 4 + x. What is the highest common divisor of j and 6?
6
Let x = -958 + 1056. What is the greatest common factor of 168 and x?
14
Let w be ((-140)/(-700))/(2/10). What is the greatest common divisor of 97 and w?
1
Suppose 29*p = 28*p - 3, 0 = -4*g + 4*p + 84. Calculate the highest common factor of g and 24.
6
Let n be (24/10*-2)/((-44)/2090). What is the greatest common divisor of n and 304?
76
Suppose 0 = -2*q + 5*q - 12. Suppose -g - q*g + 20 = 2*f, f = 5*g - 35. Suppose g*i - 5*i = 108. What is the highest common factor of 12 and i?
12
Suppose g = v - 528, g + 2640 = 4*v + v. Let x be v/18*3/1. Calculate the greatest common factor of x and 22.
22
Suppose -1598 = 5*m - 2933. Calculate the highest common divisor of 3 and m.
3
Let j(m) = m**3 + 12*m**2 + 13*m + 31. Let t be j(-8). Let a = t + -181. Let d = -12 + 20. What is the highest common divisor of a and d?
2
Suppose -2*c - 1552 = -4*d, d + c - 6*c - 370 = 0. What is the greatest common factor of d and 234?
78
Let i = 27 + -66. Let g = i + 219. What is the greatest common divisor of 30 and g?
30
Let f(s) = s**3 - 14*s**2 + 3*s - 20. Let u be f(14). Let k = 86 - u. Suppose 4*j = 6*j - k. Calculate the greatest common factor of 4 and j.
4
Let w(k) = -k**2 + 18*k - 46. Let h be w(16). Let s be h/21*(1 - 34). Calculate the highest common divisor of 66 and s.
22
Suppose y - 124 = 5*v - 44, -2*v = 4*y - 254. What is the highest common divisor of y and 10?
5
Let y be (1 + -5)*9/6. Let w = 3 + y. Let c be (5 - -41)*(w - -4). Calculate the greatest common factor of c and 69.
23
Let h be 10/(-45) - 33/(-27). Let p be 1*h/((-1)/(-4)). Let r(z) = 2*z**3 - 5. Let s be r(p). What is the greatest common divisor of 82 and s?
41
Let g be 28/(-24)*-2*21. Suppose 194 = 4*r - 2*n + 54, -g = -r - 3*n. Suppose -r + 7 = -3*c. Calculate the greatest common factor of c and 90.
10
Suppose 0 = -4*x + 2*l + 660, 4*x - 1057 = -4*l - 397. Calculate the greatest common factor of 90 and x.
15
Let p(u) = u + 4. Let n = 27 - 25. Let s be p(n). Let i(a) = 6*a**3 + a**2 + a. Let k be i(2). What is the highest common factor of k and s?
6
Let t(y) = -5*y**3 - 1. Let r be t(1). Let o = r + 12. Suppose -95*a = -81*a - 168. Calculate the greatest common factor of o and a.
6
Let x = 200 - 179. What is the greatest common divisor of x and 49?
7
Let z(q) = q**2 + 2*q + 7. Let p be z(5). Let l(r) = -12*r**2 - 48*r + 21. Let n be l(-4). What is the highest common factor of p and n?
21
Let o be (-1)/(-4) - ((-1245)/60 - -3). Calculate the highest common factor of 90 and o.
18
Let w be (3*1 + (-21 - -19))*1802. Calculate the greatest common factor of w and 106.
106
Suppose 3*d - 3*j = 459, 2*d - 3*d - 5*j = -165. Let k be -1*(0 - (d - 0)). Calculate the greatest common divisor of k and 31.
31
Let f(x) be the second derivative of -x**3/6 + 13*x**2/2 - 11*x. Let w be f(8). Calculate the greatest common divisor of w and 2.
1
Let x(b) = b**3 - 2*b**2 + 2*b + 2. Let g be x(2). Suppose 3*w = -2*w. Suppose t - 37 - 11 = w. Calculate the greatest common factor of g and t.
6
Let x(z) = z + 6. Let h be x(6). Let a be (2 + (-39)/h)*-4. Suppose a = 4*d - 7. What is the greatest common factor of d and 6?
3
Let q(a) = -a**2 - 15*a + 2. Let u be q(-2). Calculate the greatest common factor of 868 and u.
28
Let o(u) = u**3 + 24*u + 21. Let t be o(0). Let v = 6 + -2. Suppose 2*f + 145 = q, 278 + 20 = 2*q + v*f. Calculate the highest common factor of t and q.
21
Let y = -15 - -75. Let 